{"id":459,"date":"2020-11-06T08:54:04","date_gmt":"2020-11-06T08:54:04","guid":{"rendered":"http:\/\/pierre-dominique-ponnelle.com\/?page_id=459"},"modified":"2022-06-21T08:59:46","modified_gmt":"2022-06-21T08:59:46","slug":"portaitkonzert","status":"publish","type":"page","link":"http:\/\/pierre-dominique-ponnelle.com\/?page_id=459","title":{"rendered":"Portaitkonzert"},"content":{"rendered":"<p>[et_pb_section fb_built=&#8220;1&#8243; _builder_version=&#8220;4.16&#8243; custom_margin=&#8220;0px||||false|false&#8220; custom_padding=&#8220;0px||||false|false&#8220; global_colors_info=&#8220;{}&#8220;][et_pb_row _builder_version=&#8220;4.16&#8243; global_colors_info=&#8220;{}&#8220;][et_pb_column type=&#8220;4_4&#8243; _builder_version=&#8220;4.16&#8243; global_colors_info=&#8220;{}&#8220;][et_pb_image src=&#8220;http:\/\/pierre-dominique-ponnelle.com\/wp-content\/uploads\/2020\/08\/IMG_9590-Kopie.jpg&#8220; alt=&#8220;Portr\u00e4tkonzert Pierre-Dominique Ponnelle \u2013 Kammermusikwerke in verschiedenen Besetzungen  Anna Maria Pammer, Sopran \/ Pierre-Dominique Ponnelle \/ Mikayel Hakhnazaryan, Violoncello&#8220; title_text=&#8220;Portr\u00e4tkonzert Pierre-Dominique Ponnelle \u2013 Kammermusikwerke in verschiedenen Besetzungen  Anna Maria Pammer, Sopran \/ Pierre-Dominique Ponnelle \/ Mikayel Hakhnazaryan, Violoncello&#8220; show_in_lightbox=&#8220;on&#8220; _builder_version=&#8220;4.16&#8243; global_colors_info=&#8220;{}&#8220;][\/et_pb_image][\/et_pb_column][\/et_pb_row][et_pb_row column_structure=&#8220;2_5,3_5&#8243; _builder_version=&#8220;4.16&#8243; custom_margin=&#8220;0px||||false|false&#8220; custom_padding=&#8220;0px||||false|false&#8220; global_colors_info=&#8220;{}&#8220;][et_pb_column type=&#8220;2_5&#8243; _builder_version=&#8220;4.16&#8243; global_colors_info=&#8220;{}&#8220;][et_pb_image src=&#8220;http:\/\/pierre-dominique-ponnelle.com\/wp-content\/uploads\/2020\/08\/IMG_9666.jpg&#8220; show_in_lightbox=&#8220;on&#8220; _builder_version=&#8220;4.16&#8243; global_colors_info=&#8220;{}&#8220;][\/et_pb_image][et_pb_image src=&#8220;http:\/\/pierre-dominique-ponnelle.com\/wp-content\/uploads\/2020\/08\/IMG_9628.jpg&#8220; alt=&#8220;Portr\u00e4tkonzert Pierre-Dominique Ponnelle \u2013 Kammermusikwerke in verschiedenen Besetzungen  Podiumsgespr\u00e4ch: Pierre-Dominique Ponnelle und Dr. Thomas R\u00f6sch &#8220; title_text=&#8220;Portr\u00e4tkonzert Pierre-Dominique Ponnelle \u2013 Kammermusikwerke in verschiedenen Besetzungen  Podiumsgespr\u00e4ch: Pierre-Dominique Ponnelle und Dr. Thomas R\u00f6sch &#8220; show_in_lightbox=&#8220;on&#8220; _builder_version=&#8220;4.16&#8243; global_colors_info=&#8220;{}&#8220;][\/et_pb_image][et_pb_image src=&#8220;http:\/\/pierre-dominique-ponnelle.com\/wp-content\/uploads\/2020\/11\/IMG_9781.jpg&#8220; alt=&#8220;Portr\u00e4tkonzert Pierre-Dominique Ponnelle \u2013 Kammermusikwerke in verschiedenen Besetzungen  Diana Tishchenko, Violine \/ Max Peter Meis, Violine \/ Mikayel Hakhnazaryan, Violoncello&#8220; title_text=&#8220;Portr\u00e4tkonzert Pierre-Dominique Ponnelle \u2013 Kammermusikwerke in verschiedenen Besetzungen  Diana Tishchenko, Violine \/ Max Peter Meis, Violine \/ Mikayel Hakhnazaryan, Violoncello&#8220; show_in_lightbox=&#8220;on&#8220; _builder_version=&#8220;4.16&#8243; global_colors_info=&#8220;{}&#8220;][\/et_pb_image][et_pb_image src=&#8220;http:\/\/pierre-dominique-ponnelle.com\/wp-content\/uploads\/2020\/11\/IMG_9857.jpg&#8220; alt=&#8220;Portr\u00e4tkonzert Pierre-Dominique Ponnelle \u2013 Kammermusikwerke in verschiedenen Besetzungen  Diana Tishchenko, Violine&#8220; title_text=&#8220;Portr\u00e4tkonzert Pierre-Dominique Ponnelle \u2013 Kammermusikwerke in verschiedenen Besetzungen  Diana Tishchenko, Violine&#8220; show_in_lightbox=&#8220;on&#8220; _builder_version=&#8220;4.16&#8243; global_colors_info=&#8220;{}&#8220;][\/et_pb_image][et_pb_image src=&#8220;http:\/\/pierre-dominique-ponnelle.com\/wp-content\/uploads\/2020\/11\/IMG_9535.jpg&#8220; alt=&#8220;Portr\u00e4tkonzert Pierre-Dominique Ponnelle \u2013 Kammermusikwerke in verschiedenen Besetzungen  Anna Maria Pammer, Sopran \/ Mikayel Hakhnazaryan, Violoncello&#8220; title_text=&#8220;Portr\u00e4tkonzert Pierre-Dominique Ponnelle \u2013 Kammermusikwerke in verschiedenen Besetzungen  Anna Maria Pammer, Sopran \/ Mikayel Hakhnazaryan, Violoncello&#8220; show_in_lightbox=&#8220;on&#8220; _builder_version=&#8220;4.16&#8243; global_colors_info=&#8220;{}&#8220;][\/et_pb_image][\/et_pb_column][et_pb_column type=&#8220;3_5&#8243; _builder_version=&#8220;4.16&#8243; global_colors_info=&#8220;{}&#8220;][et_pb_text _builder_version=&#8220;4.16&#8243; header_text_color=&#8220;#0c71c3&#8243; custom_margin=&#8220;30px||||false|false&#8220; global_colors_info=&#8220;{}&#8220;]<\/p>\n<p>Dienstag, 12. April 2016, 19 Uhr<\/p>\n<h1>Portr\u00e4tkonzert Pierre-Dominique Ponnelle<\/h1>\n<h3>Kammermusikwerke in verschiedenen Besetzungen<\/h3>\n<p>Der Komponist Pierre-Dominique Ponnelle, Sohn des B\u00fchnenbildners Jean-Pierre Ponnelle, ist neben seiner Chefposition an der Staatsphilharmonie in Minsk international als freier Dirigent t\u00e4tig. Seine Kompositionen, die sich stilistisch in der N\u00e4he von Schostakowitsch und Schnittke einordnen lassen, werden bei internationalen Festivals f\u00fcr zeitgen\u00f6ssische Musik aufgef\u00fchrt. Unser Portr\u00e4tkonzert vermittelt einen Querschnitt durch Ponnelles Schaffen; in einem Gespr\u00e4ch gew\u00e4hrt der Komponist Einblicke in seine Arbeit. Zwei Urauff\u00fchrungen \ufb01nden sich auf dem Programm: eine Sonate f\u00fcr Bajan, ein russisches Akkordeon mit dunklem, warmem Klang, und ein Liederzyklus, der unter dem Eindruck des tragi-schen Schicksals der Dichterin Selma Meerbaum-Eisinger entstanden ist.<\/p>\n<p>Als renommierte Interpreten konnten neben der Sopranistin Anna Maria Pammer und der Bajanistin Elsbeth Moser die Violinistin Diana Tishchenko und der Pianist Joachim Carr sowie f\u00fchrende Mitglieder des M\u00fcnchener Kammerorchesters gewonnen werden.<\/p>\n<p>&nbsp;<\/p>\n<p>Das Programm<\/p>\n<p><strong>MINE-EX-Sonate f\u00fcr Violine und Klavier (2011)<\/strong><br \/> I. Andante \u2013 II. Allegretto \u2013 III. Largo<\/p>\n<p><strong>\u00bb&#8230; und m\u00f6chte den Himmel mit H\u00e4nden fassen\u00ab (2013)<\/strong> Sieben Lieder f\u00fcr Sopran und Violoncello<br \/> nach Gedichten von Selma Meerbaum-Eisinger (1924\u20131942) Anna Maria Pammer gewidmet<br \/> Urauff\u00fchrung<br \/> I. \u00bbWelke Bl\u00e4tter\u00ab \u2013 II. \u00bbSchlaflied f\u00fcr dich\u00ab \u2013 III. \u00bbJa\u00ab \u2013 IV. \u00bbPoem\u00ab \u2012V. \u00bbDas Gl\u00fcck\u00ab \u2013 VI. \u00bbSchlaflied f\u00fcr die Sehnsucht\u00ab \u2013 VII. \u00bbM\u00fcdes Lied\u00ab<\/p>\n<p><strong>Fantasie f\u00fcr Klarinette solo (2012)<\/strong><br \/> Urauff\u00fchrung<br \/> Ohne Metrum \u2013 Allegretto \u2013 Allegro \u2013 Adagio<br \/> Streichquartett Nr. 2 (2006)<br \/> I. Andante \u2013 attacca II. Allegretto \u2013 attacca III. Allegro \u2013 attacca IV. Presto \u2013 attacca V. Allegretto calmo<\/p>\n<p>Mitwirkende<\/p>\n<p>Anna Maria Pammer, Sopran<br \/> Oliver Klenk, Klarinette<br \/> Diana Tishchenko, Violine<br \/> Max Peter Meis, Violine<br \/> Kelvin Hawthorne, Viola<br \/> Mikayel Hakhnazaryan, Violoncello<br \/> Joachim Carr, Klavier<\/p>\n<p>[\/et_pb_text][et_pb_button button_url=&#8220;https:\/\/www.youtube.com\/watch?v=y0lrcxu3t2o&#8220; url_new_window=&#8220;on&#8220; button_text=&#8220;Ausschnitt Portraitkonzert im Orff-Zentrum M\u00fcnchen&#8220; _builder_version=&#8220;4.17.4&#8243; custom_button=&#8220;on&#8220; button_border_width=&#8220;1px&#8220; hover_enabled=&#8220;0&#8243; global_colors_info=&#8220;{}&#8220; button_icon=&#8220;&#xe0a3;||divi||400&#8243; button_icon_placement=&#8220;left&#8220; sticky_enabled=&#8220;0&#8243;][\/et_pb_button][et_pb_button button_url=&#8220;http:\/\/pierre-dominique-ponnelle.com\/wp-content\/uploads\/2020\/11\/OZM_20Seiter_Programm_A5_110416_12april_8.pdf&#8220; url_new_window=&#8220;on&#8220; button_text=&#8220;Programmheft als PDF&#8220; _builder_version=&#8220;4.16&#8243; custom_button=&#8220;on&#8220; button_border_width=&#8220;1px&#8220; global_colors_info=&#8220;{}&#8220;][\/et_pb_button][\/et_pb_column][\/et_pb_row][\/et_pb_section]<\/p>\n","protected":false},"excerpt":{"rendered":"<p>Dienstag, 12. April 2016, 19 Uhr Portr\u00e4tkonzert Pierre-Dominique Ponnelle Kammermusikwerke in verschiedenen Besetzungen Der Komponist Pierre-Dominique Ponnelle, Sohn des B\u00fchnenbildners Jean-Pierre Ponnelle, ist neben seiner Chefposition an der Staatsphilharmonie in Minsk international als freier Dirigent t\u00e4tig. Seine Kompositionen, die sich stilistisch in der N\u00e4he von Schostakowitsch und Schnittke einordnen lassen, werden bei internationalen Festivals f\u00fcr [&hellip;]<\/p>\n","protected":false},"author":1,"featured_media":457,"parent":0,"menu_order":0,"comment_status":"closed","ping_status":"closed","template":"","meta":{"_et_pb_use_builder":"on","_et_pb_old_content":"","_et_gb_content_width":"","footnotes":""},"class_list":["post-459","page","type-page","status-publish","has-post-thumbnail","hentry"],"_links":{"self":[{"href":"http:\/\/pierre-dominique-ponnelle.com\/index.php?rest_route=\/wp\/v2\/pages\/459","targetHints":{"allow":["GET"]}}],"collection":[{"href":"http:\/\/pierre-dominique-ponnelle.com\/index.php?rest_route=\/wp\/v2\/pages"}],"about":[{"href":"http:\/\/pierre-dominique-ponnelle.com\/index.php?rest_route=\/wp\/v2\/types\/page"}],"author":[{"embeddable":true,"href":"http:\/\/pierre-dominique-ponnelle.com\/index.php?rest_route=\/wp\/v2\/users\/1"}],"replies":[{"embeddable":true,"href":"http:\/\/pierre-dominique-ponnelle.com\/index.php?rest_route=%2Fwp%2Fv2%2Fcomments&post=459"}],"version-history":[{"count":8,"href":"http:\/\/pierre-dominique-ponnelle.com\/index.php?rest_route=\/wp\/v2\/pages\/459\/revisions"}],"predecessor-version":[{"id":676,"href":"http:\/\/pierre-dominique-ponnelle.com\/index.php?rest_route=\/wp\/v2\/pages\/459\/revisions\/676"}],"wp:featuredmedia":[{"embeddable":true,"href":"http:\/\/pierre-dominique-ponnelle.com\/index.php?rest_route=\/wp\/v2\/media\/457"}],"wp:attachment":[{"href":"http:\/\/pierre-dominique-ponnelle.com\/index.php?rest_route=%2Fwp%2Fv2%2Fmedia&parent=459"}],"curies":[{"name":"wp","href":"https:\/\/api.w.org\/{rel}","templated":true}]}}